e ten thousands digit of 79671693?
7
What is the millions digit of 995995536?
5
What is the ten millions digit of 2838150645?
3
What is the ten millions digit of 42099526?
4
What is the thousands digit of 3932168343?
8
What is the hundreds digit of 736281755?
7
What is the hundred millions digit of 842514860?
8
What is the units digit of 23626184?
4
What is the millions digit of 21835742?
1
What is the hundred thousands digit of 122723479?
7
What is the units digit of 3408231925?
5
What is the units digit of 6696459?
9
What is the hundred millions digit of 7383128667?
3
What is the tens digit of 199966207?
0
What is the ten thousands digit of 206603102?
0
What is the thousands digit of 71539082?
9
What is the ten thousands digit of 42521621?
2
What is the hundred thousands digit of 110846044?
8
What is the thousands digit of 35226781?
6
What is the units digit of 125822651?
1
What is the hundreds digit of 5575949?
9
What is the hundreds digit of 2053902870?
8
What is the ten millions digit of 60018086?
6
What is the tens digit of 528485902?
0
What is the ten millions digit of 3403811492?
0
What is the hundred millions digit of 3679210286?
6
What is the hundreds digit of 118789083?
0
What is the ten millions digit of 50321621?
5
What is the units digit of 31517291?
1
What is the tens digit of 1248973998?
9
What is the hundred millions digit of 546711772?
5
What is the millions digit of 16391833?
6
What is the hundred thousands digit of 1568397631?
3
What is the hundred thousands digit of 17841015?
8
What is the ten thousands digit of 557293201?
9
What is the tens digit of 2500911?
1
What is the units digit of 3662052116?
6
What is the thousands digit of 42367440?
7
What is the thousands digit of 140284014?
4
What is the millions digit of 74159775?
4
What is the hundred millions digit of 7446601626?
4
What is the billions digit of 2077366533?
2
What is the hundred thousands digit of 23865138?
8
What is the hundreds digit of 1168398488?
4
What is the hundred thousands digit of 1188913653?
9
What is the millions digit of 590381330?
0
What is the hundreds digit of 3146798974?
9
What is the thousands digit of 817298244?
8
What is the ten millions digit of 912112731?
1
What is the units digit of 6822807?
7
What is the thousands digit of 842821353?
1
What is the thousands digit of 273968859?
8
What is the units digit of 42179534?
4
What is the units digit of 334938?
8
What is the hundred thousands digit of 72351295?
3
What is the hundred millions digit of 124417605?
1
What is the thousands digit of 72878400?
8
What is the thousands digit of 608775170?
5
What is the hundreds digit of 3916213736?
7
What is the millions digit of 4131478879?
1
What is the ten millions digit of 2879852394?
7
What is the hundred thousands digit of 227651010?
6
What is the units digit of 161054022?
2
What is the millions digit of 786821083?
6
What is the tens digit of 211474550?
5
What is the millions digit of 99304466?
9
What is the ten thousands digit of 175142372?
4
What is the ten thousands digit of 16385500?
8
What is the units digit of 811723198?
8
What is the hundred thousands digit of 72376805?
3
What is the hundred thousands digit of 32122935?
1
What is the tens digit of 51817131?
3
What is the hundred thousands digit of 3275796264?
7
What is the tens digit of 533697756?
5
What is the units digit of 70096063?
3
What is the hundred millions digit of 2550611917?
5
What is the hundreds digit of 2088319071?
0
What is the units digit of 14511470?
0
What is the ten millions digit of 688045356?
8
What is the millions digit of 4688033?
4
What is the tens digit of 477869953?
5
What is the units digit of 1581292042?
2
What is the ten millions digit of 181599781?
8
What is the hundred millions digit of 141116385?
1
What is the ten millions digit of 88395694?
8
What is the tens digit of 5586094?
9
What is the tens digit of 51153560?
6
What is the units digit of 95537178?
8
What is the units digit of 107647122?
2
What is the ten millions digit of 4946200378?
4
What is the hundred millions digit of 460763323?
4
What is the hundred millions digit of 318683704?
3
What is the thousands digit of 1841470472?
0
What is the millions digit of 2832177643?
2
What is the ten thousands digit of 66034139?
3
What is the hundred thousands digit of 246700294?
7
What is the hundred thousands digit of 114749176?
7
What is the hundreds digit of 379505632?
6
What is the millions digit of 2426364047?
6
What is the ten thousands digit of 3272649054?
4
What is the tens digit of 32889395?
9
What is the units digit of 42233844?
4
What is the hundred millions digit of 2018347148?
0
What is the hundred millions digit of 1816096522?
8
What is the tens digit of 2806381215?
1
What is the hundred thousands digit of 141567016?
5
What is the hundreds digit of 343258692?
6
What is the thousands digit of 1989091174?
1
What is the thousands digit of 547692058?
2
What is the ten millions digit of 246936751?
4
What is the tens digit of 15658235?
3
What is the ten thousands digit of 1693757218?
5
What is the units digit of 104354?
4
What is the thousands digit of 63346279?
6
What is the tens digit of 95925005?
0
What is the ten thousands digit of 54407319?
0
What is the hundred thousands digit of 148413949?
4
What is the millions digit of 9574741?
9
What is the ten thousands digit of 628526493?
2
What is the ten millions digit of 1377984674?
7
What is the thousands digit of 85797718?
7
What is the units digit of 83118387?
7
What is the hundred thousands digit of 294590994?
5
What is the thousands digit of 4778498340?
8
What is the ten millions digit of 567418948?
6
What is the millions digit of 611716470?
1
What is the thousands digit of 23939102?
9
What is the thousands digit of 2570111750?
1
What is the ten millions digit of 7299783032?
9
What is the ten thousands digit of 166561600?
6
What is the millions digit of 47985660?
7
What is the millions digit of 19041516?
9
What is the hundred thousands digit of 2604143930?
1
What is the hundred millions digit of 1309242570?
3
What is the ten millions digit of 156648587?
5
What is the ten thousands digit of 29390483?
9
What is the ten thousands digit of 58303582?
0
What is the ten millions digit of 91996738?
9
What is the ten millions digit of 483066080?
8
What is the tens digit of 84059405?
0
What is the billions digit of 1346001048?
1
What is the hundred thousands digit of 1529363434?
3
What is the units digit of 2911565777?
7
What is the hundreds digit of 6492498328?
3
What is the millions digit of 1062360221?
2
What is the ten thousands digit of 99500818?
0
What is the ten millions digit of 534024458?
3
What is the tens digit of 1387010109?
0
What is the ten thousands digit of 851401268?
0
What is the hundred thousands digit of 623290545?
2
What is the hundred millions digit of 3053195758?
0
What is the tens digit of 2288662599?
9
What is the thousands digit of 99959486?
9
What is the hundreds digit of 260758288?
2
What is the tens digit of 265989222?
2
What is the millions digit of 5994746447?
4
What is the hundred millions digit of 681010616?
6
What is the tens digit of 398131?
3
What is the ten millions digit of 4054404312?
5
What is the hundreds digit of 3921819928?
9
What is the billions digit of 1089303620?
1
What is the units digit of 395553654?
4
What is the hundreds digit of 534218541?
5
What is the tens digit of 4053056079?
7
What is the hundreds digit of 46379984?
9
What is the hundred millions digit of 444495248?
4
What is the units digit of 1156083537?
7
What is the billions digit of 2372319383?
2
What is the millions digit of 2673480533?
3
What is the millions digit of 126174489?
6
What is the ten millions digit of 17805718?
1
What is the ten thousands digit of 2231060138?
6
What is the units digit of 5666331995?
5
What is the hundred millions digit of 631949497?
6
What is the thousands digit of 1160065184?
5
What is the hundreds digit of 901602?
6
What is the units digit of 666302279?
9
What is the millions digit of 20377619?
0
What is the hundred millions digit of 106008408?
1
What is the hundreds digit of 15920273?
2
What is the hundreds digit of 6137703557?
5
What is the hundred millions digit of 653602920?
6
What is the millions digit of 815825